157 + 229. What is the remainder when h is divided by (-3*b)/2 + 18?
12
Suppose 0*v - v = -58. What is the remainder when v is divided by (15/(-4) + 3)*-36 - 7?
18
Let n = 822 + -669. What is the remainder when n is divided by 39?
36
Let g(h) = -h**2 + 32*h + 293. Let a = -22 - -10. Calculate the remainder when (39/(-12))/(1/a) is divided by g(39).
19
Let f = 1483 + -1452. Calculate the remainder when 61 is divided by f.
30
Let r(u) = u - 2. Let i = -12 + 17. Let v = i + 0. What is the remainder when v is divided by r(5)?
2
Let n = -318 - -340. What is the remainder when 219 is divided by n?
21
Let o be 4/14 + 356/28. Suppose -5*k + 3*c + 0*c + 137 = 0, -k = 3*c - o. Calculate the remainder when k is divided by (16/(-48))/((-2)/54).
7
Let o = -18 + 34. Let n(z) = z**3 - 6*z - 9. What is the remainder when n(4) is divided by o?
15
Let q(j) = -j**2 + 8*j + 40. Suppose 8 = 4*l, 29 = 4*x - 3*x + 2*l. What is the remainder when x is divided by q(11)?
4
Suppose -y + 3 = -1. Let d be (-106)/13 - (-22)/143. Let a = d + 23. What is the remainder when a is divided by y?
3
Suppose -2 - 8 = -5*q. Let i(l) = 4*l**2 - 5*l + 5. What is the remainder when 19 is divided by i(q)?
8
Let z be -6*3*2/(-36). Suppose -4*l - z = -37. Calculate the remainder when 2/(-9) - (-155)/9 is divided by l.
8
Suppose 5*q - 25 = -4*n, -2*n = -5*q - 5 - 0. Suppose c = -4*k + 18 + 94, -640 = -n*c - 4*k. What is the remainder when c is divided by 27?
24
Let b be (2/(-5))/((-6)/(-150)). Let k = -5 - b. Suppose 2*d - k*d = -249. Calculate the remainder when d is divided by 28.
27
Calculate the remainder when 473 is divided by (65/(-15) - 0 - -4)*-159.
49
Suppose -2*v + 2 + 68 = 0. Calculate the remainder when v is divided by 9.
8
Let a = -420 - -298. What is the remainder when 34 is divided by 1/(-3) - a/6?
14
Let h = 7 - 29. Calculate the remainder when 51 is divided by h/(2/(6 + -3 + -4)).
7
Let z = -2 + 6. Suppose 38 = z*x - 6. Let r = -404 - -410. What is the remainder when x is divided by r?
5
Let y = -300 + 337. What is the remainder when 554 is divided by y?
36
What is the remainder when (7 + 1)/4 - -4 is divided by 1?
0
Suppose 12 = 15*w - 9*w. Suppose -3*y + 153 = -5*n + w*n, -4*n - 4 = 0. Calculate the remainder when y is divided by 18.
14
What is the remainder when (-2730)/(-18) - (40/(-12))/(-5) is divided by 22?
19
Suppose -5*i - 4*q + 198 = 0, -6*i + 5*q = -5*i - 28. What is the remainder when 413 is divided by i?
33
Suppose 16 = -4*o, 2*i = 5*i - 3*o - 81. What is the remainder when 86 is divided by i?
17
Let j(r) = r**3 - 20*r**2 + 18. Let q be j(20). Let y be q/(-81) + 461/9. Let n = y - 36. What is the remainder when 44 is divided by n?
14
Suppose -300 = 7*r + 134. Let x = r - -113. Calculate the remainder when x is divided by 13.
12
Suppose -39013 = -92*z + 8735. What is the remainder when z is divided by 9?
6
Suppose -4*z + 1 = -5*t + 10, 36 = 4*z + 4*t. Suppose 5*v = z*u + 21 - 72, -u = -4*v - 43. Let p = v - -18. What is the remainder when p is divided by 2?
1
Let v be 56 - ((5 - 2) + -2). Suppose -2*u + v + 11 = 0. Suppose 0*j + 27 = 3*m + 3*j, -4*m - j + u = 0. What is the remainder when 15 is divided by m?
7
Suppose -2*i = 3*j - 41, 0 = 5*j - 4*i - 438 + 355. Calculate the remainder when 198 is divided by j.
3
Suppose 0*x + 30 = -2*x. Let o = -11 - x. Suppose h + 195 = o*s, -s + 48 = h - 2*h. Calculate the remainder when s is divided by 17.
15
Suppose -60 = 11*h - 14*h. Suppose -2*v = v - 228. Calculate the remainder when v is divided by h.
16
Suppose 4*b = -0*j + 2*j - 106, 0 = 3*j + b - 131. Calculate the remainder when 134 is divided by j.
44
Calculate the remainder when 1341 is divided by -5*((-2016)/30)/12.
25
Let p = 48 - 43. Suppose -5*c + 3*o = 5 - 146, 64 = 2*c - p*o. Calculate the remainder when c is divided by 14.
13
Suppose -h + 22 = -35. Suppose 315 = 3*n - h. What is the remainder when n is divided by 25?
24
Suppose -5*i = -0*d + d - 24, -3*d - 2*i + 46 = 0. Calculate the remainder when 809 is divided by d.
11
Let q = -24 - -3. Let u = q - -21. Let o(z) = -2*z + 141. What is the remainder when o(u) is divided by 36?
33
Suppose 2*i - 96 - 5 = -3*v, -2*i = 4*v - 96. Let s(w) = 2*w**2 + 23*w + 26. What is the remainder when i is divided by s(-11)?
13
Suppose 2*i + 0*i = 34. Suppose -y + 57 + i = 0. Calculate the remainder when y is divided by 25.
24
Suppose 6*b - 2*b + 16 = 5*a, 4 = 4*a - b. Suppose -4*g - 2*t + 36 = a, 3*t - 44 = -4*g - 8. What is the remainder when 22 is divided by g?
4
Let x(r) = 2*r**3 - 4*r**2 + 2*r + 2. Let d be x(2). Let o(y) = -y**2 + 9*y - 2. Let m be o(d). Let j = m + -8. What is the remainder when 30 is divided by j?
6
Let b = 786 + -145. Let i = -451 + b. Suppose -12*j = -7*j - i. Calculate the remainder when j is divided by 13.
12
Suppose -8*x - 121 = -969. Calculate the remainder when x is divided by 18.
16
Let k = -1283 - -1304. What is the remainder when 331 is divided by k?
16
Let a = 162 + -246. Let d be 7/(a/(-344))*6. Suppose 3*g = -g + d. What is the remainder when g is divided by 11?
10
Suppose -5*t + 4 = -4*t. Let l = 34 + -67. Let b = 46 + l. What is the remainder when b is divided by t?
1
Let k(r) = 2*r**2 + 2*r - 1. Let n be k(1). Suppose 101 = -n*g + s, 2*s = -g - 0*g - 36. Let m = 55 + g. Calculate the remainder when m is divided by 11.
10
Let r = -28 - -39. Calculate the remainder when 86 is divided by r.
9
Suppose -4 = -2*x, u - 6*x + 5*x = -6. Let g(a) = -12*a - 6. Calculate the remainder when g(u) is divided by 11.
9
Let c = 68 + -51. Calculate the remainder when 64 is divided by c.
13
Let r(d) = d - 1. Suppose 0 = -2*s - 3*p + 45, 5*s = -0*s - 3*p + 117. Let m = -18 + s. What is the remainder when 6 is divided by r(m)?
1
Suppose -4*a = t - 61, 8*t - 67 = -3*a + 3*t. What is the remainder when 40 is divided by a?
12
Let x = 614 + -571. Calculate the remainder when 113 is divided by x.
27
Let i = -537 - -681. Calculate the remainder when i is divided by 7.
4
What is the remainder when 5456/66 - (-2)/6 is divided by 27?
2
Let h be 60/8*2*-1. Let s be ((-20)/h)/(4/18). Let w = 44 - s. Calculate the remainder when w is divided by 8.
6
Suppose 5*z - 4*r - 35 = 0, -z + 2*r + 14 = z. Suppose q + 494 = -2*i + z*i, -2*i = q - 192. What is the remainder when i is divided by 25?
23
Suppose 2*f - 28 = -4*q, q + 28 = 5*q - 5*f. Let m(u) = u**3 + 7*u**2 - 2*u - 7. Calculate the remainder when (-348)/(-14) + 1/q is divided by m(-7).
4
Suppose h = -3*b + 96, -5*h - 3*b + 77 + 403 = 0. Calculate the remainder when h is divided by 2/10 + (-328)/(-10).
30
Let v(h) = 4*h - 72. Let w be v(19). Let u(y) = 12*y - 6. What is the remainder when 249 is divided by u(w)?
39
Let u = 7 + -4. Let n(o) = -o**3 + 2*o**2 + 5*o - 4. Let m(r) = -2*r - 25. Calculate the remainder when m(-14) is divided by n(u).
1
Suppose -2*o + 162 = o. Let i(r) = r + 35. What is the remainder when o is divided by i(-27)?
6
Suppose -4*v = h - 357, 3*v + 8 = -v. Suppose -17*p + 22*p = -h. Let l = -19 - p. Calculate the remainder when l is divided by 14.
12
Let k = 320 + -282. Calculate the remainder when k is divided by 19.
0
Let o(f) = -f**2 + 2*f - 22. Let r be o(0). Let i = r + 52. What is the remainder when 117 is divided by i?
27
Suppose 2*j = -0*j + 14. Calculate the remainder when (45/(-6) + 6)/((-3)/54) is divided by j.
6
Suppose -43 + 11 = -4*u - 4*n, 4 = -3*u + 4*n. Calculate the remainder when 5 is divided by u.
1
Let g = 563 - 504. What is the remainder when g is divided by 21?
17
Let b = -2423 - -2516. What is the remainder when b is divided by 11?
5
Let l(y) = y**3 - 6*y**2 + 8*y + 3. Let m be l(3). Suppose -p + 103 = 2*i, m = -5*i - 4*p + p + 258. Calculate the remainder when 100 is divided by i.
49
Let b = 10 - 6. Suppose k + 9 = -4*i, 2 = k + i - 1. What is the remainder when k + (-2 - (-8)/2) is divided by b?
1
Let v = 19 - 18. Let j be 1/(-2)*0/v. Suppose j*q - 10 = -q. Calculate the remainder when q is divided by 3.
1
Let k(o) = 3*o**2 + 3*o + 3. Let f be k(-2). Suppose f*n - 10*n + 58 = 0. What is the remainder when n is divided by 10?
8
Let z = 7146 - 7125. Suppose 6 = -3*r, f + 4*f + r - 33 = 0. Calculate the remainder when z is divided by f.
0
Let f = 274 - 171. What is the remainder when f is divided by 9?
4
Let v = 266 - -8